be j(-1). Suppose -8*y + 3*y = -n. Calculate the greatest common factor of y and r.
19
Let g be 47 + -39 - 3/9*-3. Calculate the greatest common factor of 48 and g.
3
Suppose -h = 3*c - 75 - 101, -2*c = 2*h - 368. What is the highest common factor of 5170 and h?
94
Let a be (-4045)/(-7) + (-271)/(-1897). What is the highest common factor of a and 238?
34
Let z = 414 - 270. Suppose -2*k + 206 = 2*v - z, -2*v + 520 = 3*k. Let j be ((-153)/12)/3*-8. What is the highest common factor of k and j?
34
Let y = 5 - 2. Let c be 1/(5/120*8). Suppose k = c*v - 4*k - 4, k + 11 = 4*v. What is the highest common factor of y and v?
3
Suppose 0 = 1128*i - 14403 + 8763. Suppose 4*y + 4*z = 52, 0 = y + 3*y - z - 32. What is the greatest common factor of i and y?
1
Let c(g) = -g**3 + 16*g**2 + 91*g - 171. Let a be c(19). What is the highest common divisor of 304 and a?
19
Let l(t) = 5*t + 247. Let d be l(-25). Calculate the greatest common factor of d and 18.
2
Let n(w) = -3*w**2 + 17*w + 103. Let q be n(-9). Let f = -257 - q. Calculate the highest common factor of f and 972.
36
Suppose -3*n - 684 = -0*z - 2*z, 1710 = 5*z + 5*n. Let l(r) = r**3 + 3*r**2 - 13*r + 3. Let y be l(-5). Calculate the highest common divisor of y and z.
18
Let l be 81949/230 + 13 + 12/(-40). What is the highest common factor of 972 and l?
9
Let v(i) = -21*i - 7*i**2 - i**3 + 29*i - 14*i - 7. Let t be v(-7). Let r = 41 - t. Calculate the highest common divisor of 9 and r.
3
Let d = -4 + 304. Let g be 156146/4343 + (-2)/(-43). What is the highest common factor of g and d?
12
Suppose 68*r = 80*r - 24. Calculate the highest common factor of 878 and r.
2
Let n(r) = 13*r + 392 - 5*r - 8*r - 4*r. Let p be n(0). What is the greatest common divisor of 56 and p?
56
Let t(y) = -y - 14. Let c be t(-21). Suppose 0 = -n - 3, 0 = d - 2*n + c*n + 25. Let m be 4*(-4)/(-8) - d. What is the highest common factor of m and 18?
6
Suppose -10*g = -14*g + 5*o + 354, 2*o = 4. Suppose 0 = -2*b + 7*b - 70. Calculate the greatest common divisor of b and g.
7
Suppose 4*i - 67 = 5*f, -3*i + 11*f = 6*f - 44. Suppose u + 5*g = 92, u + 24*g - 23*g = 92. Calculate the highest common factor of u and i.
23
Let j(s) = -18*s + 74. Let z be j(-3). What is the highest common divisor of 464 and z?
16
Let k be -1 + 9/(9/14). Let q(t) = 5*t**2 - 12*t - 4. Let i be q(4). Let c = i - 15. What is the highest common divisor of k and c?
13
Let p = -28 - -90. Let t(s) = 964*s - 4324. Let k be t(5). What is the greatest common factor of p and k?
62
Suppose 2*b + 863 = f + 3538, -4*f - 2654 = -2*b. What is the greatest common factor of 63 and b?
9
Let j = -2994 - -3240. What is the greatest common divisor of j and 30?
6
Let g(k) = -k**3 + 50*k**2 - 93*k - 34. Let q be g(48). Let l(h) = -3*h**3 - 7*h**2 - 3*h + 7. Let s be l(-4). What is the greatest common divisor of q and s?
11
Let f(t) = -5*t**2 + 313. Let q be f(7). Calculate the highest common divisor of q and 2414.
34
Suppose -55 = 7*z - z - 1693. Let o = 61 + 17. Calculate the highest common factor of o and z.
39
Let f = 1478 - 636. Let j = f + -466. Suppose 8*p - 424 = j. What is the highest common divisor of p and 25?
25
Let k = -3187 - -10820. What is the highest common factor of 34 and k?
17
Suppose -f + 1 = -5*v + f, -2*v - 7 = -3*f. Let c be ((-240)/(-72))/(v/6). What is the highest common factor of 8 and c?
4
Let d = 315 - 200. Let b = 165 - d. Suppose p - 3*p = 4, -4*s - 4*p = -72. What is the greatest common factor of s and b?
10
Let w = -13118 + 20570. Calculate the highest common divisor of 46 and w.
46
Suppose -3110*o + 3 = -3113*o, 0 = 5*s + 2*o - 22793. What is the greatest common factor of 423 and s?
47
Let z(j) = -13*j**2 - 2*j - 1. Let f be z(-7). Let s be ((-21)/4)/(18/f). What is the highest common divisor of s and 14?
14
Suppose -13 = -2*k - 5*f + 2*f, k + 3*f - 8 = 0. Suppose 3*l + 5*s - 315 = 0, -5*s - 85 = k*l - 600. Calculate the highest common divisor of l and 20.
20
Let l = -3 - -14. Let f be l + (2 - (4 + -3)). Suppose -3*i = g - f, -g + 4*i = -3*g + 24. What is the highest common factor of 60 and g?
12
Let r(f) = -20*f - 111. Let b(d) = 21*d + 112. Let a(u) = -6*b(u) - 5*r(u). Let p be a(-29). Calculate the greatest common divisor of p and 49.
49
Suppose 2*m - 4*r = -2*m + 68, -2*r = 3*m - 26. Let i(x) = -8 - m*x - 43 - x. Let y be i(-5). Calculate the highest common divisor of 49 and y.
7
Let n be 0 - -231 - (13 - 13). Let b = -65 - -44. Let a be (-435)/b + (-22)/(-77). What is the greatest common divisor of n and a?
21
Suppose 78*s - 186 = 79*s. Let c = s + 198. What is the highest common factor of 324 and c?
12
Let k = -3208 + 3240. What is the highest common divisor of 24 and k?
8
Let x(f) = -6*f**2 + 166*f + 90. Let d be x(24). What is the highest common factor of d and 6?
6
Let n = 11697 + -11629. What is the greatest common factor of n and 68?
68
Suppose 0 = 5*u + 5*t - 60, -u + t + 30 = 4*u. Suppose u*c = 9*c - 136. Calculate the highest common divisor of c and 102.
34
Let h = -461 - -437. Let o be 90/(102/h + 5). What is the highest common divisor of 16 and o?
8
Suppose -11*u = 16*u - 108. Let q be 5 + (u - -7) - -3. What is the highest common divisor of q and 209?
19
Let s(j) = j**3 - 20*j**2 + 53*j - 18. Let g be s(17). Calculate the highest common factor of 136 and g.
8
Suppose 2183 - 1159 = 64*f. What is the greatest common divisor of f and 20?
4
Let y be (1 - 13)*(2/(-20) + 10/(-25)). Let q be 2*26/4 + 2. What is the greatest common factor of y and q?
3
Let z = -5350 + 8136. Calculate the greatest common divisor of 56 and z.
14
Suppose -89*g = -5*r - 86*g + 58, -4*r + 2*g + 48 = 0. What is the greatest common divisor of 3199 and r?
7
Let u(s) = -s**2 - 5*s + 5. Let f be u(-5). Suppose -4*i = 4*l - 23 + 303, l - f*i = -52. Let m = 71 + l. Calculate the highest common factor of m and 44.
4
Let q(k) = -40*k + 29*k - 15*k + k**2 - 56. Let z be q(30). Calculate the greatest common divisor of 4 and z.
4
Suppose 30 = 2*i + 4*a, -30 = -2*i - 0*a - 3*a. Let l be (-6 + -24)*(i/6 + -1). Let x = l - -61. Calculate the highest common divisor of 32 and x.
16
Let a be (-64)/(-288) - 2894/(-18). What is the greatest common divisor of 2369 and a?
23
Suppose 4*p = -5*u + 1696, -p = u - 256 - 83. Suppose 26*b = 23*b + 60. Calculate the highest common factor of b and u.
20
Let a(x) = -222*x + 2337. Let j be a(10). Let d be ((-162)/(-4))/(-9)*-2. What is the highest common divisor of d and j?
9
Let t(w) = -2*w**3 - 21*w**2 - 19*w - 66. Let u be t(-10). Calculate the greatest common factor of 2568 and u.
24
Suppose -4*c + 3*o + 700 = -405, -o + 271 = c. Let h = c - 212. Calculate the highest common factor of 310 and h.
62
Let h(n) = n**3 - 48*n**2 + 135*n + 46. Let g be h(45). What is the greatest common factor of 943 and g?
23
Let o = 3 + 3. Suppose -f + 16*t - 13*t + 12 = 0, f + 4*t + 16 = 0. Suppose 23*c - 20*c - 36 = f. What is the highest common divisor of o and c?
6
Let b be (-5690)/(-100) + -1*2/(-20). Suppose x - 14 = l, 16 - 1 = 3*l. Calculate the greatest common divisor of b and x.
19
Suppose -4*o + t = -1735, 0 = -2*t + 52 - 66. What is the highest common divisor of o and 528?
48
Let y be (-6)/(-36)*3*270 - -6. Calculate the greatest common divisor of 752 and y.
47
Suppose -202 = -2*t + j, -2*t + 3*j + 214 = -j. Suppose -t*v - 14 = -100*v. Calculate the highest common factor of 742 and v.
14
Suppose -2*z - 3*z = 4*m - 298, -5*m + 370 = 5*z. Suppose 215 - 263 = -k. What is the highest common factor of k and m?
24
Suppose -47*v = -51*v - 2*x + 438, -5*v - 4*x + 555 = 0. Let k be 133 - (2 + (0 - 0)). Let p = k - v. What is the highest common factor of p and 48?
24
Let c(n) = -12*n + 112. Let k be c(9). Suppose k*w - 122 = -5*u + 35, 4*w - 169 = -u. Suppose 4*s + 1 = 861. Calculate the highest common factor of w and s.
43
Let f = 28 + -16. Suppose 157 = 13*s - f*s. Let h = s - 80. What is the greatest common divisor of 11 and h?
11
Let n be (2 + (18 - 2))/(20 - 22). Let q(z) = 15*z**2 + 80. Let a be q(n). Calculate the greatest common factor of a and 35.
35
Suppose -z + 26 = -2*u - 40, -2*u = -3*z + 174. What is the highest common divisor of 450 and z?
18
Let m = 143 - -277. Suppose 5*h - 2*k - 1041 = 0, -m = -2*h - 0*k - k. Calculate the greatest co